 h(0). Suppose 44 = d*c + 2*c. Suppose c*t = 6*t + 40. Calculate the greatest common factor of t and 80.
8
Let p = -2706 + 4853. Calculate the highest common divisor of p and 19.
19
Suppose -27 = -2*f - 11. Let g be (-10)/4*42/35. Let a = f + g. Calculate the greatest common divisor of a and 45.
5
Let u(k) = -k**3 - 6*k**2 + 2*k - 1. Let h be u(-7). Let b = 94 + -101. Let v = b + h. What is the highest common factor of 81 and v?
27
Let k(d) = -20*d - 43. Let o be k(-9). Suppose 3*p - o = 7. What is the greatest common factor of p and 112?
16
Suppose 15*i - 60*i + 180 = 0. Suppose 5*p = -2*k + i*p + 138, 0 = -p + 2. What is the greatest common divisor of 68 and k?
68
Suppose 0 = h - 5*o - 420, 4*h + o - 213 = 1530. What is the highest common factor of 1160 and h?
145
Let s(k) = -8*k + 8. Let m(l) = 4*l + 29. Let x be m(3). Let r = -46 + x. Let v be s(r). Calculate the highest common divisor of v and 72.
24
Let b = -81 + 137. Suppose 0 = k - 0*g - g - b, k = 5*g + 72. Let v = 326 + -313. What is the highest common divisor of v and k?
13
Let x(z) = 4*z - 11. Let g be x(9). Suppose d + 9 = 5*c + 32, -d = -3*c - g. Let y be 248/6 - (-4)/6. What is the highest common divisor of y and d?
14
Suppose 270 = 180*z + 249*z - 1446. Calculate the highest common divisor of 892 and z.
4
Let o = 24556 + -23081. Calculate the greatest common divisor of o and 177.
59
Let c(v) = -v**2 - 10*v - 26. Let j be c(-6). Let s be (252/j)/(58/(-87)). Calculate the highest common factor of s and 7.
7
Let f = 4846 + -711. Calculate the greatest common factor of f and 5.
5
Let s = -146 - -154. Suppose 4 + 19 = 4*n + o, n - 2*o - s = 0. Calculate the highest common divisor of n and 10.
2
Let u(n) = -3*n + 119. Let h be u(31). Suppose -81 = -5*j - h. Calculate the greatest common factor of 143 and j.
11
Suppose 2*x + 5 - 9 = 0. Suppose 3*b = -x*k + 8, 5*b - 2*k - 16 = 2*b. Suppose b*n + 12 - 132 = 0. What is the highest common factor of n and 120?
30
Let a = -68825 + 68850. Let y be 121/4 + 2/(-8). Calculate the greatest common divisor of y and a.
5
Let w(g) = 34*g - 1070. Let x be w(57). Calculate the greatest common divisor of x and 124.
124
Suppose 343*m = 347*m - 20. Suppose -5*r + 25 = -5*h, 3*r - 6*r = m*h - 31. Let b = 6 + 22. Calculate the highest common divisor of r and b.
7
Suppose d - 5 + 8 = 0, 3*i = 2*d + 8619. Calculate the greatest common factor of i and 297.
99
Suppose 137*h - k + 222 = 140*h, 3*h + 4*k = 204. Calculate the highest common factor of 6346 and h.
38
Let t = 3203 + -3122. What is the greatest common divisor of 117 and t?
9
Suppose 20*g + 18018 = 163*g. Suppose -4*p = -0*p - 56. What is the greatest common divisor of g and p?
14
Suppose 0 = -10633*d + 10617*d + 6864. Calculate the greatest common factor of 187 and d.
11
Suppose -z = 5*n - 227, 3*n + 4*z + 76 = 219. Suppose 4*g - n = -g. What is the greatest common factor of g and 117?
9
Let t(w) be the third derivative of w**5/30 + w**4/4 + w**3 - w**2 + 142*w. Let n be t(-9). What is the highest common divisor of 18 and n?
6
Let y = 4 - -130. Suppose 8*d + 14 = y. Calculate the highest common divisor of d and 3.
3
Let q = 399 + -417. Let n(o) = 2*o**3 + 34*o**2 - 41*o - 8. Let y be n(q). What is the greatest common factor of y and 41?
41
Suppose 11*d + 12090 = 104*d. Let b(w) = -9*w - 4. Let s be b(-12). What is the highest common divisor of d and s?
26
Let k = -64 - -141. Let o(b) = -12*b + 143. Let a be o(11). Calculate the greatest common factor of k and a.
11
Let r = 9111 + -9069. Calculate the highest common divisor of 728 and r.
14
Suppose u - 3763 - 428 = 4*p, -2 = p. What is the greatest common factor of 89 and u?
89
Suppose 30 = -10*k + 5*k + 4*j, -k - 3*j = -13. Let o be -228*-1*(-1)/k. Calculate the highest common factor of 399 and o.
57
Let t(v) = -6*v**2 - 96*v + 7. Let f be t(-16). What is the highest common divisor of 231 and f?
7
Let f be (1/(-4))/((-25)/14300). Let t = f + -85. Calculate the greatest common factor of t and 29.
29
Let n(i) = -316*i + 2062. Let b be n(6). Calculate the highest common factor of b and 2490.
166
Let h be (28 - 0/(-2)) + -2 + 2. Let v be (8/(-3))/(h/(-42)). Suppose -v = u - 10. Calculate the greatest common divisor of 15 and u.
3
Let c be (-6)/12 - 23/2. Let g(k) = k**2 + 12*k - 28. Let i be g(c). Let a = i - -94. What is the greatest common divisor of a and 11?
11
Let w be 1/((-108)/(-1026)*(-1)/(-52)). Let y(p) = p**3 + 13*p**2 - 17*p - 16. Let c be y(-14). What is the highest common divisor of w and c?
26
Let c(y) = -6*y + 42. Let x(i) = 13*i - 82. Let b(k) = 7*c(k) + 3*x(k). Let l be b(-5). What is the greatest common divisor of 42 and l?
21
Let p = 37923 + -36593. Calculate the highest common factor of p and 140.
70
Let d(m) = 4*m**2 + 28*m - 41. Let x be d(-17). Suppose x + 65 = 11*k. What is the greatest common factor of 4 and k?
4
Suppose 0*s + 16 = s. Let n be ((-32)/10)/(22/605). Let z = -48 - n. What is the greatest common factor of z and s?
8
Suppose 41*h - 24 = 37*h. Suppose -3*p = v - 21, 4*v + 5*p = h*v + 2. Suppose -v - 12 = -7*o. Calculate the highest common divisor of 21 and o.
3
Let p(c) = 11*c + 3. Let f = 30 - 29. Let z be p(f). Let h(d) = 11*d - 44. Let v be h(z). What is the highest common factor of v and 44?
22
Let g = 225 + -231. Let v be 8/g*90/(-12). Calculate the greatest common divisor of v and 10.
10
Let t = -18 + 21. Let n be ((-10)/(-45)*t)/(2/21). Calculate the highest common factor of n and 56.
7
Suppose -n = -5*l - 121, 158*n = 156*n - 4*l + 172. Let v be ((-3)/(-2))/1*2. What is the greatest common divisor of v and n?
3
Let y(w) = -315*w + 4786. Let o be y(15). What is the highest common divisor of 2257 and o?
61
Suppose -2*w - 266*z + 239 = -261*z, 4*z = 3*w - 278. Suppose -323 - 1105 = -4*h. What is the greatest common factor of w and h?
51
Suppose -71*q + 784 + 1083 - 305 = 0. Suppose -4*k = -2*k - 220. Calculate the highest common divisor of k and q.
22
Let s(w) = -w**3 - 10*w**2 + 29*w - 10. Let r be s(-13). Let d be 1988/10 + r/(-150). What is the highest common divisor of d and 18?
18
Let y be 112/6 + 2/(-3). Suppose -3*f = -3*a + 21, 43*a = -176*f + 171*f + 349. Calculate the highest common divisor of f and y.
1
Let u = 89 - 79. Suppose -21 - 59 = 2*i. Let b be (i/6)/(10/(-150)). What is the greatest common divisor of u and b?
10
Let f = 378 + 847. What is the highest common factor of f and 35?
35
Let r(i) = -2*i**3 - 46*i**2 - 25*i - 53. Let z be r(-23). Suppose 393*k = 387*k + z. What is the highest common divisor of k and 3?
3
Let t be ((-12)/90*(-100)/(-5))/((-4)/954). What is the greatest common factor of t and 228?
12
Suppose 8*n + 61080 = -9*n + 27*n. Calculate the greatest common factor of n and 12.
12
Suppose 29*o - 3233 = 3727. Suppose -2*t + d + d + o = 0, 2*d = -4. Calculate the highest common factor of 118 and t.
118
Let z be ((-1)/(-3)*(-81)/(-6))/(12/272). Calculate the greatest common factor of 9792 and z.
102
Let c(m) = 123*m + 1771. Let b be c(-14). Calculate the highest common factor of b and 35.
7
Let b be (-1)/(-4) - (-22040)/32. Suppose -4*h - i = -55, 0 = 2*h - 4*i + 1 - 15. Calculate the highest common divisor of h and b.
13
Let b(j) = 30*j**2 - 13*j - 162. Let f(i) = 21*i**2 - 9*i - 108. Let a(z) = 5*b(z) - 7*f(z). Let q be a(-5). Calculate the greatest common factor of 992 and q.
31
Suppose -77*b = 75*b - 145*b - 10241. What is the highest common divisor of 88 and b?
11
Suppose -5*z = 5*n + 15, 4*n + 4 = -5*z - 6. Suppose z*x = -f + 166, -4 + 6 = -f. Calculate the greatest common divisor of 105 and x.
21
Suppose -4*b - 5*j + 113 = 0, -11*j - 140 = -4*b - 7*j. Calculate the greatest common divisor of 11 and b.
1
Suppose 15*v = 14*v + 34. Let w(g) = -g + 82. Let t be w(v). Calculate the greatest common factor of t and 120.
24
Let j(y) = -4*y**2 - 24*y + 6. Let l be j(-8). Let r = -50 - l. What is the greatest common factor of r and 2?
2
Let r = -81 + 85. Let q(g) = -3*g**3 + 6*g**2 - 8*g - 3. Let v be q(r). Let n = v + 191. What is the greatest common divisor of n and 24?
12
Suppose 2114 = 97*v + 98*v - 4516. What is the highest common factor of v and 4352?
34
Suppose 0 = u - 37 - 117. Let z(n) = n**2 - 16*n - 49. Let t be z(21). What is the greatest common factor of t and u?
14
Let